f 49 and 21952?
49
Calculate the greatest common divisor of 104 and 338.
26
Calculate the greatest common divisor of 90 and 20.
10
Calculate the highest common divisor of 128 and 48.
16
Calculate the highest common factor of 120 and 132.
12
Calculate the greatest common divisor of 12 and 31452.
12
Calculate the highest common divisor of 1 and 23.
1
Calculate the highest common factor of 90 and 414.
18
What is the greatest common divisor of 30 and 7665?
15
Calculate the greatest common factor of 6 and 1296.
6
Calculate the greatest common divisor of 316 and 4819.
79
What is the greatest common divisor of 2872 and 8?
8
Calculate the highest common divisor of 63 and 28.
7
What is the greatest common divisor of 40 and 2020?
20
What is the greatest common factor of 114 and 1786?
38
What is the greatest common divisor of 4375 and 350?
175
What is the greatest common factor of 6 and 729?
3
Calculate the highest common divisor of 3 and 885.
3
Calculate the highest common factor of 2220 and 132.
12
Calculate the highest common factor of 2091 and 51.
51
What is the highest common divisor of 33 and 176?
11
What is the highest common divisor of 14 and 1099?
7
Calculate the highest common divisor of 221 and 357.
17
What is the highest common factor of 291 and 15?
3
Calculate the greatest common divisor of 16 and 784.
16
What is the greatest common factor of 28 and 574?
14
What is the highest common factor of 42 and 574?
14
Calculate the greatest common divisor of 228 and 38.
38
Calculate the highest common factor of 102 and 1554.
6
Calculate the greatest common factor of 480 and 96.
96
Calculate the greatest common factor of 12 and 4734.
6
What is the highest common divisor of 23 and 23437?
23
Calculate the greatest common divisor of 689 and 39.
13
What is the greatest common factor of 3 and 23?
1
What is the highest common factor of 235 and 5?
5
Calculate the greatest common factor of 7 and 5285.
7
What is the greatest common factor of 25 and 3?
1
What is the highest common divisor of 8051 and 83?
83
Calculate the greatest common divisor of 2405 and 1110.
185
What is the greatest common divisor of 142 and 30956?
142
What is the highest common divisor of 1 and 841?
1
Calculate the greatest common factor of 3 and 248.
1
What is the greatest common divisor of 6593 and 1735?
347
Calculate the greatest common factor of 1644 and 12.
12
Calculate the highest common divisor of 8 and 4418.
2
Calculate the greatest common divisor of 648 and 24.
24
What is the highest common divisor of 95 and 9120?
95
Calculate the highest common factor of 26 and 1300.
26
Calculate the greatest common divisor of 25 and 2850.
25
What is the greatest common factor of 609 and 210?
21
Calculate the highest common divisor of 25512 and 12.
12
What is the greatest common factor of 200 and 3075?
25
Calculate the highest common factor of 120 and 8025.
15
What is the greatest common divisor of 165 and 1095?
15
Calculate the highest common divisor of 175 and 280.
35
Calculate the greatest common divisor of 231 and 44.
11
What is the greatest common divisor of 29692 and 52?
52
Calculate the highest common factor of 11109 and 42.
21
What is the greatest common factor of 4459 and 65?
13
Calculate the greatest common factor of 99 and 88.
11
What is the highest common factor of 144 and 2652?
12
Calculate the greatest common factor of 17796 and 12.
12
Calculate the highest common factor of 9366 and 84.
42
Calculate the highest common factor of 63 and 21.
21
Calculate the highest common divisor of 2668 and 161.
23
What is the highest common factor of 2760 and 2400?
120
What is the highest common divisor of 50 and 80?
10
Calculate the highest common divisor of 4 and 17.
1
What is the greatest common factor of 120 and 15?
15
Calculate the greatest common factor of 39 and 1053.
39
What is the highest common divisor of 64 and 992?
32
What is the greatest common factor of 36411 and 159?
159
What is the greatest common divisor of 13 and 611?
13
What is the greatest common divisor of 1218 and 210?
42
What is the highest common divisor of 13 and 637?
13
What is the greatest common factor of 72 and 342?
18
Calculate the greatest common divisor of 731 and 17.
17
What is the highest common factor of 39 and 15?
3
Calculate the greatest common divisor of 104 and 182.
26
What is the highest common factor of 1029 and 21?
21
Calculate the greatest common divisor of 4923 and 45.
9
What is the highest common divisor of 30 and 10?
10
Calculate the greatest common factor of 127 and 1651.
127
What is the greatest common divisor of 1445 and 25?
5
Calculate the greatest common divisor of 1001 and 77.
77
What is the highest common factor of 39 and 13767?
39
What is the highest common factor of 448 and 14?
14
Calculate the highest common divisor of 20 and 165.
5
What is the greatest common factor of 8804 and 142?
142
What is the highest common divisor of 680 and 280?
40
Calculate the highest common factor of 17 and 11747.
17
Calculate the highest common factor of 40 and 2696.
8
Calculate the highest common divisor of 539 and 98.
49
What is the highest common divisor of 25695 and 15?
15
Calculate the highest common factor of 336 and 15.
3
Calculate the greatest common divisor of 3 and 729.
3
What is the greatest common divisor of 1700 and 50?
50
Calculate the greatest common divisor of 20 and 8.
4
What is the greatest common factor of 5880 and 1344?
168
Calculate the highest common divisor of 7 and 56.
7
What is the highest common divisor of 375 and 6625?
125
Calculate the highest common divisor of 33 and 45375.
33
Calculate the greatest common factor of 410 and 20.
10
Calculate the greatest common factor of 5332 and 992.
124
Calculate the greatest common factor of 849 and 15.
3
Calculate the highest common divisor of 9 and 525.
3
Calculate the highest common divisor of 136 and 238.
34
What is the highest common factor of 19 and 1387?
19
What is the highest common divisor of 2816 and 616?
88
Calculate the greatest common divisor of 460 and 1340.
20
Calculate the highest common factor of 583 and 77.
11
What is the greatest common divisor of 14 and 77?
7
Calculate the highest common divisor of 25 and 5.
5
Calculate the highest common divisor of 344 and 64.
8
What is the greatest common divisor of 228 and 12?
12
Calculate the greatest common factor of 38 and 2508.
38
What is the highest common divisor of 1349 and 19?
19
Calculate the greatest common divisor of 26 and 1846.
26
Calculate the highest common factor of 16 and 208.
16
Calculate the greatest common factor of 27 and 30897.
9
What is the greatest common divisor of 3948 and 168?
84
Calculate the highest common factor of 32 and 152.
8
Calculate the highest common divisor of 4 and 236.
4
What is the highest common divisor of 520 and 2184?
104
What is the greatest common factor of 6 and 1850?
2
Calculate the highest common divisor of 40 and 1.
1
Calculate the greatest common factor of 304 and 48.
16
Calculate the highest common factor of 138 and 24.
6
What is the highest common factor of 68 and 544?
68
Calculate the highest common factor of 108 and 16.
4
What is the highest common divisor of 21 and 21?
21
What is the greatest common divisor of 2869 and 3473?
151
Calculate the greatest common factor of 406 and 1022.
14
What is the highest common divisor of 10 and 502?
2
Calculate the greatest common factor of 7136 and 32.
32
Calculate the highest common divisor of 1299 and 9959.
433
What is the highest common factor of 1 and 773?
1
What is the greatest common factor of 1159 and 266?
19
Calculate the highest common divisor of 296 and 40.
8
What is the greatest common divisor of 77 and 22?
11
What is the greatest common divisor of 168 and 1428?
84
What is the greatest common factor of 189 and 42?
21
What is the greatest common divisor of 204 and 51?
51
Calculate the highest common divisor of 13 and 4043.
13
Calculate the highest common divisor of 7275 and 50.
25
What is the highest common divisor of 400 and 560?
80
What is the greatest common divisor of 8 and 1864?
8
Calculate the highest common factor of 329 and 896.
7
What is the highest common factor of 7 and 87?
1
What is the highest common divisor of 114 and 722?
38
Calculate the greatest common divisor of 581 and 257